se -4*h - b = -2*n, -n - 65 = 5*h + 26. Let q(o) = o**2 + 13*o + 4. List the prime factors of q(h).
2, 47
Let q be (-11)/(-66) - (-433)/(-6). Let o = -68 - q. Suppose -194 = 2*i - o*i. List the prime factors of i.
97
Let p be ((-100)/(-8))/((-2)/(-4)). Suppose 4*z - 5*s - p = 3*z, 4*z + 5*s = -25. Suppose z*b + 225 = 3*b. What are the prime factors of b?
3, 5
Suppose -q + 10 = 4*s - 9, -5*q = 2*s + 13. Let b be s/(-5)*25/(-10). Suppose l = 5*t + 40, 2*l - 76 - 32 = b*t. What are the prime factors of l?
2, 3, 5
Suppose -3*q - 5*y = -16, -3*y + 5*y = -3*q + 10. Let p(l) = 301*l - 301*l + 43*l**q. What are the prime factors of p(1)?
43
Let r = 53 - 69. Let s = r + 23. List the prime factors of ((-200)/6)/((-427)/(-63) - s).
2, 3, 5
Suppose 12797 = f + 4*r, 0 = -11*f + 12*f - 3*r - 12776. What are the prime factors of f?
5, 2557
Suppose -1988041 = -68*j + 17143. List the prime factors of j.
2, 19, 97
Suppose -2*w + 27024 = t - 2391, w - 14706 = -2*t. What are the prime factors of w?
2, 3677
Let p be (-54)/(6/9*18/(-6)). Suppose -p*t + 2151 = -22*t - 4*o, -4*o - 16 = 0. What are the prime factors of t?
7, 61
Suppose -6818*t + 19935 = -6815*t. List the prime factors of t.
3, 5, 443
Suppose 7*w = -w + 24. Suppose w*m = 4*m - 3. Suppose -2*u = -2*g + 44, 5*g + m*u - 112 - 30 = 0. What are the prime factors of g?
2, 13
Suppose 16*w - 44 = 5*w. Suppose -w*f = -26 - 182. What are the prime factors of f?
2, 13
Let n be (-2)/(-2)*(11 - 2). Suppose 0 = -6*f + 509 - 389. Let a = f + n. What are the prime factors of a?
29
Let w = -14 + 94. Let h = 292 - w. Suppose 7*g - 586 = h. List the prime factors of g.
2, 3, 19
Let h be (6 + -3 - 3)/(-2). Suppose 16*y + 3102 - 7470 = h. What are the prime factors of y?
3, 7, 13
Suppose -30158 = -5*r - 29*r. Let j = r + -752. List the prime factors of j.
3, 5
Let q(w) be the third derivative of 2*w**4/3 - 5*w**3/2 + w**2. Let o be q(4). Suppose 7*r + o = 8*r. What are the prime factors of r?
7
Suppose -49*t - 16986 = -53*t + 5*q, -4248 = -t + 2*q. Let z = t + -3030. What are the prime factors of z?
2, 607
Let j = -12460 + 39323. List the prime factors of j.
26863
Let k be 38/9 + (-6)/(-108)*-4. Suppose -k*s = 3*z + z, 3*z = -5*s + 8. Suppose -303 = s*w - 1059. List the prime factors of w.
3, 7
Suppose -2*u + 3*d = 2*u - 20, -2*d - 15 = -3*u. Suppose -u*c = -c - 700. What are the prime factors of c?
5, 7
Let y(d) = -1757*d - 3936. What are the prime factors of y(-12)?
2, 3, 1429
Suppose 95*j + 49 = 102*j. Suppose 1640 = 5*k + t, 0 = t + j - 2. List the prime factors of k.
7, 47
Suppose -42*o + 101413 = 41050 - 149385. What are the prime factors of o?
2, 11, 227
Suppose -5*u = 4*z - 31241, -11187 - 13795 = -4*u - 5*z. List the prime factors of u.
13, 37
Let l(d) = -d**3 - 9*d**2 - 12*d - 12. Let o be l(-8). Suppose o*t - 3*t = 1445. List the prime factors of t.
5, 17
Let w(x) = -28*x + 20. Let p(b) = 9*b - 7. Let m(q) = -8*p(q) - 3*w(q). Let c be m(7). Let t = 146 - c. What are the prime factors of t?
2, 3, 11
Let i(s) = -s**2 - 22*s - 26. Suppose 8 = 2*p, -d + 4*p + 9 = 3*p. Suppose k + d + 6 = 0. What are the prime factors of i(k)?
31
Let f(k) = -k**3 + 11*k**2 + 2*k - 17. Let s be f(11). Let n = 125 + -1. Suppose -7*p + n = -s*p. What are the prime factors of p?
2, 31
Suppose 10 + 0 = x + r, -20 = -4*r. Suppose -n = -x*n + 28. Let i(u) = 16*u + 14. List the prime factors of i(n).
2, 3, 7
Let p(s) = 4*s**2 + 372*s + 510. What are the prime factors of p(-172)?
2, 27431
Let l(y) = 58*y**2 - y. Let h be l(-1). Suppose -2*w - h = -3*w. Suppose 0 = 3*x - 133 - w. What are the prime factors of x?
2
Let r = 8730 - 5303. List the prime factors of r.
23, 149
Suppose 4*z - z - 8511 = 3*n, 5*z - 3*n = 14185. List the prime factors of z.
2837
Let t = 3423 - 1938. Suppose 11*q = t + 1342. List the prime factors of q.
257
Suppose -171*z + 1777896 = 45*z. List the prime factors of z.
8231
List the prime factors of (-14308)/490*(1290/4)/(-3).
43, 73
Let j = -74555 - -124247. What are the prime factors of j?
2, 3, 41, 101
Suppose 0 = 4*o - 3*d + 21761, 5*d - 6*d = -3. Let z = o + 3094. List the prime factors of z/(-10) + (-2)/5 - 4.
2, 5, 23
Suppose -2*k - 170*v = -167*v - 8233, 4*v = 3*k - 12358. What are the prime factors of k?
2, 29, 71
Let x(c) = -c**3 - 5*c**2 + 7*c + 8. Let p be x(-8). Suppose -2*d = 5*m + 183, 2*d - d = -4*m - p. What are the prime factors of (-2)/(-2)*-3*m?
3, 5, 7
Suppose -34*n = -45*n - 5258. Let j = n + 1056. List the prime factors of j.
2, 17
Suppose 0 = -2*p - s + 14868, -6*p + 4*p = -3*s - 14868. List the prime factors of p.
2, 3, 7, 59
Let o = 45 + -39. Suppose o*k - 305 = k. Let c = k - -44. What are the prime factors of c?
3, 5, 7
Suppose 302*f = 257*f + 116145. List the prime factors of f.
29, 89
Let u = 11538 - -707. List the prime factors of u.
5, 31, 79
Let o(h) = h**3 - h**2 - 85*h + 8. Let d be o(12). Let a = d - -523. What are the prime factors of a?
3, 5, 73
Let u(c) = c - 1. Let d be u(3). Let t = -4708 - -4708. Suppose 3*k - l - 386 = t, 4*k = 9*k - d*l - 642. What are the prime factors of k?
2, 5, 13
What are the prime factors of (-30)/4*((-7614)/10 - -11)?
2, 3, 7, 67
Suppose 25*b - 349858 - 40441 - 20626 = 0. List the prime factors of b.
3, 5479
Let p be (-806)/(-6)*(0 + -15). What are the prime factors of 145/(-87) - p/3?
2, 5, 67
Suppose 483 + 84 = -9*b. What are the prime factors of (-2610)/(-21) - (-18)/b?
2, 31
Suppose -3*z = -2*s - 3, -5*s + 15 = -3*z + 9. Suppose z*l - 1145 = -k + 174, 3*l = -4*k + 5249. List the prime factors of k.
2, 5, 131
Let c = 258 - 239. Suppose 3*q - 2655 = -5*n, 34 = 3*q + c. What are the prime factors of n?
2, 3, 11
Suppose 30 = h - 3*d, -4*h + 150 = h - 5*d. Let m = h + 41. Let p = m - 27. What are the prime factors of p?
2, 11
Let n(z) = -53*z + 53. Let q be n(-8). Suppose -3*h + 0*h = 3*f - 351, q = 4*f - 5*h. What are the prime factors of f?
2, 59
Let q = 336 + -327. Suppose -7*g = -q*g + 616. List the prime factors of g.
2, 7, 11
Suppose -2*h = -3*x + 788, 8*x + 246 = 9*x - 4*h. Suppose -7*w + 0*w + 518 = 0. Suppose w*b = 72*b + x. What are the prime factors of b?
7, 19
Let q = 11784 + -5879. List the prime factors of q.
5, 1181
Let r(q) = 10*q**2 + 5*q - 4. Let t be r(5). Let f be 15*(46/69 + (-32)/3). Let a = t + f. What are the prime factors of a?
11
Let c(m) = -m**3 + m**2 + 9*m + 10. Let s be c(-2). Suppose -s*w = -4*z + 636, -z + 2*w = -2*z + 144. What are the prime factors of z?
2, 7, 11
Suppose 5*s + 0*s - 2*m - 25851 = 0, -3*s + 15492 = 5*m. What are the prime factors of s?
3, 1723
Suppose 0 = -5*t + 2*i + 3*i + 7885, -2*i - 10 = 0. Suppose -6*j + t + 1074 = 0. List the prime factors of j.
3, 7
Let m be 4063/7 - 3/7. Let x = 988 - m. What are the prime factors of x?
2, 3, 17
Suppose -46 = 4*y - 54. Suppose 30 = 4*f + 2*j, -10 + 0 = -y*j. Suppose v = f*v - 172. List the prime factors of v.
43
Let x be (-1044)/90 + (-2)/5. Let f = -9 - x. Suppose f*m - 183 = 135. List the prime factors of m.
2, 53
Suppose 3*p + 6515 = 5*n - 2*p, 6500 = 5*n - 2*p. What are the prime factors of n?
2, 11, 59
Suppose -3*m + 18 = 3*y, 3*m + 0*m = y + 22. Suppose m*z - 8*z = -826. What are the prime factors of z?
2, 7, 59
Let c(q) = 12*q**2 - 14*q + 11. Let h be ((9 - -2) + 0)/(18/18). Let n be c(h). Suppose 12*u - n = 5*u. What are the prime factors of u?
11, 17
Suppose 0 = -4*h - 5*z + 18, 0 = -h - 15*z + 19*z - 6. Suppose -6*o - b = -o - 2579, -5*o - h*b + 2578 = 0. What are the prime factors of o?
2, 3, 43
Let b(m) = -7*m**3 - 2*m**2 - 6*m + 22. Let a be b(-5). Let j = -80 + a. What are the prime factors of j?
797
Suppose -b = k + k - 14, -b + 3*k + 4 = 0. Suppose 4*p = b + 2. Suppose 4*f - p*s = 7*f - 243, -5*s = -25. List the prime factors of f.
2, 19
Let v be -1 - 0 - (-60 + 0). Let n(r) = -r**3 + 9*r**2 - 8*r + 9. Let c be n(6). Let o = v + c. What are the prime factors of o?
2
Suppose 4*r - 4*c + 7*c - 12 = 0, 0 = 3*r - 3*c + 12. Suppose -6*z - 4 + 58 = r. List the prime factors of 495/z - 2*1*1.
53
Suppose -4*d + 1126 = -382. Suppose 4*x + d = 3*w - 108, w - 158 = 5*x. What are the prime factors of w?
163
Let g = 11138 - 5388. What are the prime factors of g?
2, 5, 23
Suppose -24*r + 60*r - 5531976 = -126*r. What are the prime factors of r?
2, 8537
List t